te?
False
Let j(s) = -s**3 - 5*s**2 + 10*s - 14. Let a be j(-7). Suppose -9098 = -a*z + 11216. Is z composite?
False
Suppose 8646 = 2*a + 2*q, -3*a - 22*q + 27*q + 12953 = 0. Is a composite?
True
Suppose 5*z - 8*z = 3*z. Is (1176 + 1)*(0 - (-1 + z)) a prime number?
False
Let w = -667 + 667. Suppose w = 36*c - 35*c - 2501. Is c composite?
True
Let l be ((-8)/10)/((-1648)/(-820) - 2). Let y = l - -424. Let q = y + -203. Is q composite?
False
Suppose -5*k + 4*a + 1757292 = 5*a, -a + 7 = 0. Is k composite?
False
Suppose 604551 = 2*s - 28*s + 2789929. Is s a prime number?
True
Let c(d) = 63*d**3 + 32*d**2 - 24*d - 24. Is c(13) prime?
True
Suppose -3*p + 305*z = 301*z - 172223, 229664 = 4*p + 3*z. Is p a composite number?
False
Let z(y) = 3582*y**2 - 447*y - 3118. Is z(-7) composite?
True
Suppose -6*a + 13*a - 12348 = 0. Suppose -5*m + 2958 = n, a = 2*n + 3*m - 4117. Is n a composite number?
True
Let d(f) be the second derivative of -3*f**5/20 - 10*f**3/3 + f**2 - 30*f. Is d(-15) composite?
False
Suppose 0 = 23*c - 19*c - 8. Suppose 6 = -3*l, 3*z - 6*z + 13267 = -c*l. Is z a composite number?
False
Let i(q) = 43*q**2 + 22*q - 298. Is i(11) prime?
True
Let y = -29 + 48. Suppose -3*s = -4*b - 349, -14*s + y*s + 4*b - 603 = 0. Is s a composite number?
True
Suppose 2*x = 4*d - 0*x - 20, 0 = -5*d + x + 19. Suppose -3*l + 12126 = 6*f - d*f, -2*f + 12123 = 3*l. Is l prime?
False
Suppose -53*i - 44*i + 758249 = 0. Is i composite?
False
Suppose 32*j - 27*j - 290 = 0. Suppose -w = -5*v - j, -2*w = -v + 29 - 100. Is w a composite number?
True
Let o(p) be the second derivative of 131*p**3/6 - 12*p**2 - 27*p + 2. Is o(17) a composite number?
False
Let b = 87814 - 32399. Is b composite?
True
Let z(v) = v**3 + 32*v**2 + 31*v + 34. Let f be z(-31). Suppose 161045 = f*c - 21093. Is c a prime number?
False
Let b be (-64)/(-3) - (-4)/(-3). Suppose 0 = d - p + b, -4*p = -5*p - 5. Is (-44110)/d - 3/(-5) composite?
True
Suppose 37*g - 39*g = -12. Suppose 4*v - 5*m = 12317, 3 = -g*m + 7*m. Is v a composite number?
False
Is 19/(1368/16) - 3/(-54)*300866 a prime number?
False
Let i = 184630 + 188521. Is i prime?
True
Suppose 245*f - 247*f - 116 = -4*i, i - 50 = 4*f. Suppose 5*n - 22598 = 12377. Suppose 0 = 21*c - i*c + n. Is c composite?
False
Suppose -446*b + 77640 = -442*b. Let o = b + -5209. Is o composite?
True
Let g = -353 + 368. Suppose -30*p + g*p = -60135. Is p a composite number?
True
Let q(y) = 173*y**2 - 26*y - 158. Is q(-7) a prime number?
True
Suppose -10*h + 29556 = 26*h. Suppose h + 5097 = 4*a - 2*u, 0 = -3*a - 5*u + 4458. Is a a prime number?
True
Let f(w) = 4194*w**2 + 156*w - 2. Is f(-8) composite?
True
Suppose 0 = 28*r + 11*r - 122577. Is r prime?
False
Let l(w) = -2343*w + 2695. Is l(-8) prime?
False
Let b(x) = x + 6*x - 4 - 4*x + 3205*x**2 + x. Is b(1) composite?
True
Let h(j) = -377*j - 4. Suppose -5*w + 11 = 16. Is h(w) a prime number?
True
Let x = 97226 + -51633. Is x a prime number?
False
Let i be (-6)/33 + 96584/22. Let s = i + -1463. Is s a prime number?
True
Let t be -2*2/4*-5. Suppose -t*d = -11*d - 306. Let x = d - -72. Is x a composite number?
True
Let z(f) = -4615*f**2 + 3*f + 5. Let b be z(-2). Let a = -9348 - b. Is a a prime number?
False
Suppose -393*k = -1375455 - 1166862. Is k a composite number?
False
Let n(w) = w**3 - 19*w**2 + 13*w + 59. Let m be ((-24)/30)/((-4)/360*3). Is n(m) prime?
True
Suppose -8*l + 2 = -14. Suppose 0 = -h + 5*r - 4*r + 10413, 0 = -l*h + r + 20822. Is h a composite number?
True
Let b(s) be the first derivative of s**3/3 + 19*s**2/2 + 38*s - 13. Let q be b(-17). Is (-457)/(q - (-18)/(-4)) prime?
False
Suppose -w = 4*w + 25, 0 = -t - 4*w + 168. Let g = -1794 - -1860. Suppose -t = -2*p + g. Is p a prime number?
True
Suppose -128465 = 4*q - 2*a - 1051777, 6 = 3*a. Is q composite?
True
Let u(f) = 38195*f**2 - 89*f - 21. Is u(-7) a composite number?
True
Suppose 3*v + 37 = -5*w, 14 = 2*w - 5*v + 4. Is (((-8355)/1)/w)/(2/2) prime?
False
Suppose 2*i - 12 = -2*u, 14*i - 10*i = -5*u + 27. Suppose -i*v - l + 32300 = 0, -17*l = -15*l - 10. Is v composite?
True
Let u be (-246)/(-16) + (-3)/8 - 2. Let i(v) = 985*v - 24. Is i(u) a prime number?
True
Let d be 12672 - 6/(-9)*12. Let y = 26927 + d. Is y prime?
True
Let d = 118 + -111. Let i(h) = 316 - d*h + 392 + 25 - 168. Is i(0) composite?
True
Let y = 830 - 1521. Let h = y - -2430. Is h a composite number?
True
Let q(b) = b**2 + 19*b + 42. Let r be q(-11). Let a = -46 - r. Suppose 2*v - 2726 + 552 = a. Is v a composite number?
False
Suppose -25*u - 42334 = -5*l - 22*u, 4*u + 16942 = 2*l. Is l a composite number?
True
Let g = -302 + 304. Suppose -g*f = f + 3*k - 16875, -2*f = -3*k - 11260. Is f a prime number?
False
Let v be 1*8 - 4/((-16)/(-12)). Suppose 4*l - v = -17. Is l + (-3)/(1 - 2) + 471 a prime number?
False
Suppose 1574*w - 1588*w = -1864142. Is w a prime number?
True
Let i = -204 + 212. Let c(b) = 20*b**2 + 10*b - 47. Is c(i) prime?
False
Let a be ((-3)/(-15)*8)/((-3)/15). Let s be 1553*((-14)/(-4) - a/(-16)). Suppose -8*c = -5*c - s. Is c a prime number?
True
Is (59269 + -13 + 7)*(4 - (-5 - -8)) prime?
True
Suppose -49*c + 107865 + 853368 = 0. Let l = -13082 + c. Is l a composite number?
True
Let c(b) = 2*b**2 - 13*b - 2. Let p(x) = x**3 + 2*x**2 - 7*x. Let s be p(-3). Let v be c(s). Suppose 0 = f - v - 171. Is f a composite number?
True
Let f(o) = 189*o**3 - 5*o**2 + 33*o - 192. Is f(5) composite?
False
Is (-11)/(-792)*-530274*-12 a composite number?
False
Let a(m) be the third derivative of -m**6/15 + m**5/12 + 7*m**4/12 + 16*m**3/3 - 220*m**2. Is a(-5) composite?
False
Let p(n) = 0*n**3 + 8 + n**3 - 10. Let i be p(2). Is 2/i - (-6490)/6 a prime number?
False
Is 955082/10 + (1/(-5))/((-10)/40) a prime number?
False
Suppose 5*i + 2*k - 237299 = 0, -i + 3*k + 7724 = -39729. Is i a composite number?
False
Let v(w) = -89*w + 5. Suppose 17 = -15*b + 16*b. Suppose 14*s - b*s - 36 = 0. Is v(s) composite?
True
Let i be (-8 + 2)*10/4. Let a be -6*((-4)/10)/((-12)/i). Is a/6 + ((-1755)/(-6))/5 a prime number?
True
Suppose 22*v = 13*v - 153. Let m(p) = -p**2 - 20*p - 11. Let r be m(v). Let x = r - -57. Is x a composite number?
False
Let o(h) = 2*h**2 - 5*h - 18. Let w(x) = x**2 - 1. Let u(s) = -o(s) + 4*w(s). Is u(-11) composite?
True
Let i be (-1432*(6 + -5))/(-1). Let x = 2583 - i. Is x prime?
True
Let u(c) = c**3 - 6*c**2 - 15*c - 12. Suppose -9*m = -16*m + 56. Let p be u(m). Let o(q) = 212*q**2 + 2*q + 5. Is o(p) a prime number?
True
Let a(l) be the first derivative of 32*l**3/3 - 2*l**2 - 9*l - 18. Is a(-3) a composite number?
True
Suppose 2*n = -4*u + 1324, -2*n - 3*n + 3298 = -2*u. Suppose -j - 6 = -n. Suppose -j = -3*p - 57. Is p a composite number?
False
Suppose -30*k + 1624 = -22*k. Suppose -2 = 3*v - 8. Suppose k = -u + v*u. Is u prime?
False
Let p be 1/(5/(6 - 1)) - -1. Suppose -32*z + 1517318 = p*z. Is z composite?
True
Suppose 0 = 61*v - 55*v - 7164. Suppose 3*j - 2*j = -c + v, 2*j = c + 2400. Is j a prime number?
False
Let l be ((-3)/(-20) - (-8)/32)*17605. Let b = 26301 - l. Is b prime?
True
Let f(s) = 72*s**2 + 207*s + 130. Is f(-23) composite?
False
Suppose 4*t - 1493384 = -y, 0*t - 2*t + y + 746692 = 0. Suppose 34*j + 39772 = t. Is j composite?
False
Suppose -p + 4*p + 5*a - 84647 = 0, -4*p = 2*a - 112858. Suppose 111846 = 16*t + p. Is t a composite number?
False
Is 57946/(-4)*(-5 - 0 - -3) prime?
False
Let k = -481 + -238. Let a = k - -3462. Is a a prime number?
False
Suppose -5*r + 22 = o, 2*r = -5*o - 2 - 3. Suppose -2*v + 958 = 3*n + n, 4*n + 2395 = r*v. Is v a composite number?
False
Let n(z) = 40846*z**2 - 26*z - 23. Is n(-4) prime?
True
Let g(a) = 84*a - 1583. Is g(85) composite?
False
Let y(j) be the second derivative of 575*j**3/2 - 43*j**2/2 - 298*j. Is y(2) a prime number?
True
Let f(j) = -j**2 - 5*j + 8. Let q be f(-6). Let i be 1247/2*(q + 0). Let n = i + -560. Is n prime?
False
Let g = -27192 + 57109. Is g a prime number?
True
Let z = 18 - 16. Let o be (-3)/9 + 1/3. Suppose -z*g - 4*n + 5915 = g, o = 2*g + 3*n - 3943. Is g prime?
True
Let q(j) = j**3 + 5*j**2 - 10. Let l be q(-4). Suppose l*s = 55 + 527. Suppose -s = -35*x + 34*x. Is x a composite number?
False
Let a = 422077 - 278748. Is a a prime number?
True
Suppose -526*q + 522*q = -